+ 3 + (-2)/(-2). Let b = n - -1. What are the prime factors of b?
2
List the prime factors of (-12)/16 + 582/8.
2, 3
Suppose 3*a - 25 = -2*a. Suppose 0 = 3*b + a*y - 82, 0*b + b + 4*y = 32. Suppose -3*v + o + b = 0, -2*v + 4*o + 16 = 5*o. List the prime factors of v.
2
Let r be -3 - ((-7 - -2) + 2). Suppose r = -2*n + 4. Suppose n*q = 4*q - 6. List the prime factors of q.
3
Suppose 3 - 1 = 2*m. Let f(j) = 2*j**2 + j - 1. Let t be f(m). Suppose -4*w - 2*i + 20 = -i, t*w - 10 = 2*i. List the prime factors of w.
5
Let h(z) = -z**2 + z + 3. Let q be h(0). Suppose u - q*u = -44. List the prime factors of u.
2, 11
Let b be 1/((-1)/1)*-2. Let v be b/(-3) - 77/(-3). Suppose -2*x + v = 3*x. What are the prime factors of x?
5
Suppose -l + 22 = -9. What are the prime factors of l?
31
Let h = 9 - -9. Suppose 0 = -2*a + a + 3*r + h, -3*a = -r - 14. List the prime factors of 0 - a/(-3) - -8.
3
Suppose 0 = -4*k + 15 - 3. Suppose 5*h = k*h + 14. Let w = h - -4. List the prime factors of w.
11
Let u = -1 - -4. Let m = u - 3. Suppose m*z = v - z + 2, 3*v - 4 = z. List the prime factors of v.
3
Suppose 2*r - 4 = 2*w, 4*r = w - 2*w + 8. List the prime factors of r.
2
Let k(s) = -1 - 3 - 2*s + 6. List the prime factors of k(-8).
2, 3
List the prime factors of ((-135)/(-36))/((-1)/(-40)).
2, 3, 5
Suppose -5*p + 15 = -d, -7*p - 5*d = -4*p - 9. Let b = -7 - -7. Suppose b = p*o - 14 + 2. List the prime factors of o.
2
Suppose 2*a = -a + 30. Suppose -a - 6 = -x. What are the prime factors of x?
2
Let u be 26/6 + 2/3. Let q = 5 + u. List the prime factors of q.
2, 5
Let p = 11 - 8. Suppose 0*t - p*t = -45. What are the prime factors of t?
3, 5
Let b(r) = -r**3 + 7*r**2 - 4*r - 1. What are the prime factors of b(6)?
11
Let r(b) be the second derivative of -b**5/20 - 7*b**4/12 - 7*b**3/6 - 7*b**2/2 + b. Let m be r(-6). Let q(j) = -10*j**3 - j. List the prime factors of q(m).
11
Suppose -15*p + 10*p + 600 = 0. Suppose 4*d = 5*k + 55, 3*k = -5*d - k + p. What are the prime factors of d?
2, 5
Let p(j) = j - 5. Let r be p(5). What are the prime factors of r/(-2) - 31*-1?
31
Suppose 3*o + 262 = 19. Let m = -43 - o. What are the prime factors of m?
2, 19
Let k = -145 + 243. What are the prime factors of k?
2, 7
Let r(h) be the second derivative of -h**5/20 + 7*h**4/12 - h**3 + 9*h**2/2 + 3*h. Let q be r(6). Let t = 15 - q. List the prime factors of t.
2, 3
Let p = -4 - -10. Let k = p - 2. What are the prime factors of k?
2
Let g = 61 + -34. Suppose 5*r + 52 = -4*x + r, -2*x - 20 = 5*r. Let s = x + g. List the prime factors of s.
2, 3
Let n be (-3)/(-4) + 21/(-12). Let g(i) be the first derivative of -3*i**2/2 + i + 1. List the prime factors of g(n).
2
Suppose 0 = 5*u - 3*k - 261, -5*u + 219 = -u + k. Suppose 6 - u = -3*d. What are the prime factors of d?
2
Let d = 15 - -13. Let v = 44 - d. Suppose 4*b - 8 - v = 0. List the prime factors of b.
2, 3
Let b(o) = 2*o - 1. Let n be b(-1). Let l = n - -8. List the prime factors of 16/(-10)*l*-1.
2
Let f = 47 + -25. List the prime factors of f.
2, 11
What are the prime factors of (-4)/(-22) - (-4 - (-4067)/(-77))?
3, 19
Let u be (-96)/40*10/(-4). Let a = u - -6. What are the prime factors of a?
2, 3
Let x(z) be the third derivative of -z**4/24 + 5*z**3/3 - 2*z**2. Let l be x(9). Let p(j) = 4*j. What are the prime factors of p(l)?
2
Suppose 2 = -4*l + 10. Suppose 104 = 4*q + j, 2*j - 13 = -l*q + 45. Let i = q - 12. What are the prime factors of i?
13
Let l = -15 - 17. Let b = -15 - l. List the prime factors of b.
17
Let a(k) be the first derivative of k**2 - k + 1. What are the prime factors of a(7)?
13
Suppose -4*u = -3*u - 3. Suppose -4*m = -u*n - 9, 0*n + 3*n + 15 = 5*m. Suppose -o + m = -0. What are the prime factors of o?
2, 3
Suppose v = -3*v + 4*u + 664, 0 = u + 3. List the prime factors of v.
163
Let j(m) = 24*m**2 - 2*m + 1. List the prime factors of j(1).
23
Let p(c) = 2*c**2 + 10*c + 7. Let t be p(-6). Let l = -12 + t. What are the prime factors of l?
7
What are the prime factors of 1774/30 - (-14)/(-105)?
59
Suppose -4*z + 0*z = 16. Let g be z - -3 - (1 + -4). Suppose -m = g*c - 20, -c = -2*m - 3*c + 30. What are the prime factors of m?
2, 5
Suppose 4*r - 2*w = 84, 0 = -2*r - 3*w + 2*w + 50. List the prime factors of r.
23
Suppose 20*g + 1735 = 25*g. List the prime factors of g.
347
Let v = 83 - 59. List the prime factors of v.
2, 3
Suppose -2*d + 3*d = 132. What are the prime factors of d/8 - (-1)/(-2)?
2
List the prime factors of (-59 - 1)/((-3)/2).
2, 5
Let l(x) = 1 - 4 - x**3 + 0*x**3 + 3*x**2. Let q be l(3). Let u = 9 + q. List the prime factors of u.
2, 3
Let r = 294 + -157. List the prime factors of r.
137
Let d(n) = 19*n**3 + 2*n**2 - 1. Let r be 6/2 + (-1 - 1). What are the prime factors of d(r)?
2, 5
Let v be 2/(-3) + 85/15. Let a = 9 - v. What are the prime factors of a?
2
Let l = 21 + -14. Let t = l + 4. What are the prime factors of t?
11
Let n(d) = -d**3 + 6*d**2. Let q be n(6). Suppose 4*h - 44 = -q*h. List the prime factors of h.
11
Suppose -v - 2*b = -13 - 2, 0 = -4*v + 4*b. Suppose v*z + 8 - 68 = 0. List the prime factors of z.
2, 3
Suppose 4*g + 0*g = 0. Suppose -o + 6 - 3 = g. List the prime factors of o.
3
Let g(w) = -w**2 + 15*w - 3. What are the prime factors of g(13)?
23
Suppose -5*h = -3*h - 8. Let f = -9 - -34. Suppose 65 = 4*z - 5*m, -h*z = z + 5*m - f. List the prime factors of z.
2, 5
Let y = 23 + -16. List the prime factors of 160/112 - (-4)/y.
2
Let j(m) = 8*m**2 - 3*m + 11. What are the prime factors of j(4)?
127
Suppose 0 = -5*l + 54 + 6. Let t = l - 8. What are the prime factors of t?
2
Suppose -3*y = -7*y - 16, 0 = 2*n + 3*y + 14. Let b be (52/(-2))/(n/2). Let h = b - 35. What are the prime factors of h?
17
What are the prime factors of 3 - (1 + -3)*(-140)/(-8)?
2, 19
Let q = -23 - -30. List the prime factors of q.
7
Let c(j) = 5*j - 1. Let w be c(-3). Let b = -5 - w. List the prime factors of b.
11
Let c(t) = -t**2 + t - 1. Let v be c(1). Let x = -1 - v. Suppose 6 = -x*f + 3*f. What are the prime factors of f?
2
List the prime factors of 116/2 + 0/9.
2, 29
Suppose 4*k - z - 142 = 0, -5 = 3*z + 1. What are the prime factors of k?
5, 7
Suppose 2*z = -3*i + 6*z + 132, -4*z = 0. What are the prime factors of i?
2, 11
Suppose -2*w + 4*w = 0. Suppose 5*q = 4*j + 75, w = 2*q - 3*j + 7*j - 30. What are the prime factors of q?
3, 5
Let c = -5 + 8. Let w = c + -1. Suppose p = w*p - 7. What are the prime factors of p?
7
Suppose -3*m - 5*v + 6 = -118, -2*m + 78 = v. What are the prime factors of m?
2, 19
Let v(q) be the third derivative of q**4/4 - 2*q**3/3 - 3*q**2. What are the prime factors of v(3)?
2, 7
Let j(g) = 5*g - 1. Let y be j(3). Suppose -3*o - x + y = 0, 5*x + 16 = -o + 44. Suppose 5*i = -4*r + 55, -i + o*r + 11 = -2*r. List the prime factors of i.
11
Let c = 354 + -188. What are the prime factors of c?
2, 83
Let l = 58 + -60. Let p(r) = -9*r - 3 + 4 - 3. List the prime factors of p(l).
2
What are the prime factors of 1/((-4 + 3)/(1*-77))?
7, 11
List the prime factors of 6 - (5 - 423 - -3).
421
List the prime factors of (70/(-6))/((-5)/30).
2, 5, 7
Suppose -5*z + 58 = 2*y - 22, 4*z + 5*y = 81. What are the prime factors of z?
2, 7
Let i = -17 + 20. Suppose -3*h + i*p = -96, 7*p = -4*h + 5*p + 110. List the prime factors of h.
29
Suppose 4*u - 2*u = 4. Let i be 1/u - (-9)/2. Suppose -2*o = -7*o - 25, 5*k = i*o + 120. List the prime factors of k.
19
Let h(i) = 3*i - 4. Let y(r) = -r**2 + 3*r - 4. Let w(z) = 2*h(z) - 3*y(z). List the prime factors of w(3).
2, 11
Let v = -4 + 6. Suppose -5*b + v = -d + 5*d, 4*d + 8 = 0. Suppose -2*g - 30 = -5*j - g, 5*j - 30 = b*g. List the prime factors of j.
2, 3
Let f(j) = -j**3 - 2*j**2 + 138. What are the prime factors of f(0)?
2, 3, 23
Let l(p) = -p**3 - 6*p**2 - 8*p - 3. List the prime factors of l(-5).
2, 3
Suppose 0 = -4*v - 4*s + 92, -5*v = -3*v - 3*s - 31. List the prime factors of v.
2, 5
Let v(z) = z + 9. Let y be v(-7). Let d be y + (0 + 2 - 1). Let k(c) = 3*c - 4. What are the prime factors of k(d)?
5
Let z = -1 - -7. Suppose 5*f - z - 4 = 0. List the prime factors of f.
2
Suppose 0 = -71*r + 68*r + 639. List the prime factors of r.
3, 71
Let c = 0 - 2. Let y be c/((-2)/100*2). Suppose 3*s = -5*p + y, 0*p + 5*s + 10 = p. List the prime fac